{"id":401,"date":"2020-03-19T12:51:50","date_gmt":"2020-03-19T11:51:50","guid":{"rendered":"https:\/\/huerta-catalana.fr\/primeur\/?page_id=401"},"modified":"2020-03-28T10:48:05","modified_gmt":"2020-03-28T09:48:05","slug":"commandes","status":"publish","type":"page","link":"https:\/\/huerta-catalana.fr\/primeur\/index.php\/commandes\/","title":{"rendered":"Commandes"},"content":{"rendered":"<p>[et_pb_section fb_built=\u00a0\u00bb1&Prime; _builder_version=\u00a0\u00bb4.4.0&Prime; custom_padding=\u00a0\u00bb12px||2px|||\u00a0\u00bb][et_pb_row _builder_version=\u00a0\u00bb4.4.0&Prime; min_height=\u00a0\u00bb582px\u00a0\u00bb custom_padding=\u00a0\u00bb11px||5px|||\u00a0\u00bb hover_enabled=\u00a0\u00bb0&Prime;][et_pb_column type=\u00a0\u00bb4_4&Prime; _builder_version=\u00a0\u00bb4.4.0&Prime;][et_pb_text _builder_version=\u00a0\u00bb4.4.0&Prime; text_font=\u00a0\u00bbHind||||||||\u00a0\u00bb text_font_size=\u00a0\u00bb26px\u00a0\u00bb min_height=\u00a0\u00bb23px\u00a0\u00bb hover_enabled=\u00a0\u00bb0&Prime; text_text_shadow_style=\u00a0\u00bbpreset4&Prime;]<\/p>\n<p align=center>\n<p>[\/et_pb_text][et_pb_image src=\u00a0\u00bbhttps:\/\/huerta-catalana.fr\/primeur\/wp-content\/uploads\/2020\/03\/huerta-catalana-primeur-saint-orens-la-fabrique-visuelle-HD-090s.jpg\u00a0\u00bb align=\u00a0\u00bbcenter\u00a0\u00bb _builder_version=\u00a0\u00bb4.4.0&Prime; background_color=\u00a0\u00bbrgba(0,0,0,0)\u00a0\u00bb min_height=\u00a0\u00bb115px\u00a0\u00bb custom_padding=\u00a0\u00bb19px||35px|||\u00a0\u00bb border_color_all=\u00a0\u00bbrgba(0,0,0,0)\u00a0\u00bb border_width_all__hover_enabled=\u00a0\u00bbon|hover\u00a0\u00bb src__hover_enabled=\u00a0\u00bbon|hover\u00a0\u00bb][\/et_pb_image][et_pb_text _builder_version=\u00a0\u00bb4.4.0&Prime; text_font=\u00a0\u00bbHind||||||||\u00a0\u00bb text_font_size=\u00a0\u00bb20px\u00a0\u00bb text_line_height=\u00a0\u00bb1.5em\u00a0\u00bb custom_margin=\u00a0\u00bb||0px||false|false\u00a0\u00bb custom_padding=\u00a0\u00bb5px|10px|5px|10px|false|false\u00a0\u00bb hover_enabled=\u00a0\u00bb0&Prime;]<\/p>\n<div align=\"justify\">\n<p>\u00a0 \u00a0 Pendant toute la p\u00e9riode du confinement li\u00e9 au COVID-19, toute l&rsquo;\u00e9quipe de la HUERTA CATALANA se mobilise pour vous permettre de faire vos achats de fruits et l\u00e9gumes ainsi que de fromage de la Fromagerie Xavier, tout en <span style=\"text-decoration: underline;\">limitant les temps d&rsquo;exposition.<\/span><\/p>\n<p style=\"text-align: center;\"><strong>Nous mettons tout en \u0153uvre<br \/>pour r\u00e9guler le flux de fr\u00e9quentation dans le magasin,<br \/>pour assurer l\u2019approvisionnement de nos \u00e9talages en continu,<br \/>pour ouvrir toutes nos caisses pour minimiser le temps d\u2019attente\u2026<\/strong><\/p>\n<p style=\"margin: 0cm; text-align: center;\">Nos cr\u00e9neaux de livraison \u00e9tant satur\u00e9s, nous ne sommes plus en mesure de vous livrer \u00e0 la demande pour le moment. Nous vous invitons \u00e0 regarder la mise \u00e0 jour de nos informations sur notre site pour vous tenir inform\u00e9s.<\/p>\n<p style=\"text-align: center;\">\u00a0<span style=\"color: #ea4d34;\">Afin de pouvoir assurer ce service dans de bonnes conditions,<br \/>nous sommes amen\u00e9s \u00e0 mettre en place une nouvelle organisation. <\/span><\/p>\n<p style=\"text-align: center; color: #ea4d34;\"><strong>Nous pr\u00e9parons toujours les commandes des personnels soignants <br \/>pour leur faire gagner du temps.<br \/>Nous consulter.<\/strong><\/p>\n<\/div>\n<p>[\/et_pb_text][\/et_pb_column][\/et_pb_row][\/et_pb_section][et_pb_section fb_built=\u00a0\u00bb1&Prime; _builder_version=\u00a0\u00bb4.4.0&Prime; custom_padding=\u00a0\u00bb0px|||||\u00a0\u00bb][et_pb_row _builder_version=\u00a0\u00bb4.4.0&Prime;][et_pb_column type=\u00a0\u00bb4_4&Prime; _builder_version=\u00a0\u00bb4.4.0&Prime;][et_pb_image src=\u00a0\u00bbhttps:\/\/huerta-catalana.fr\/primeur\/wp-content\/uploads\/2020\/03\/huerta-catalana-primeur-saint-orens-la-fabrique-visuelle-HD-040s.jpg\u00a0\u00bb align=\u00a0\u00bbcenter\u00a0\u00bb _builder_version=\u00a0\u00bb4.4.0&Prime; custom_margin=\u00a0\u00bb-22px|||||\u00a0\u00bb][\/et_pb_image][\/et_pb_column][\/et_pb_row][\/et_pb_section]<\/p>\n","protected":false},"excerpt":{"rendered":"<p>\u00a0 \u00a0 Pendant toute la p\u00e9riode du confinement li\u00e9 au COVID-19, toute l&rsquo;\u00e9quipe de la HUERTA CATALANA se mobilise pour vous permettre de faire vos achats de fruits et l\u00e9gumes ainsi que de fromage de la Fromagerie Xavier, tout en limitant les temps d&rsquo;exposition. Nous mettons tout en \u0153uvrepour r\u00e9guler le flux de fr\u00e9quentation dans [&hellip;]<\/p>\n","protected":false},"author":1,"featured_media":0,"parent":0,"menu_order":0,"comment_status":"closed","ping_status":"closed","template":"","meta":{"_et_pb_use_builder":"on","_et_pb_old_content":"","_et_gb_content_width":"","footnotes":""},"class_list":["post-401","page","type-page","status-publish","hentry"],"_links":{"self":[{"href":"https:\/\/huerta-catalana.fr\/primeur\/index.php\/wp-json\/wp\/v2\/pages\/401","targetHints":{"allow":["GET"]}}],"collection":[{"href":"https:\/\/huerta-catalana.fr\/primeur\/index.php\/wp-json\/wp\/v2\/pages"}],"about":[{"href":"https:\/\/huerta-catalana.fr\/primeur\/index.php\/wp-json\/wp\/v2\/types\/page"}],"author":[{"embeddable":true,"href":"https:\/\/huerta-catalana.fr\/primeur\/index.php\/wp-json\/wp\/v2\/users\/1"}],"replies":[{"embeddable":true,"href":"https:\/\/huerta-catalana.fr\/primeur\/index.php\/wp-json\/wp\/v2\/comments?post=401"}],"version-history":[{"count":59,"href":"https:\/\/huerta-catalana.fr\/primeur\/index.php\/wp-json\/wp\/v2\/pages\/401\/revisions"}],"predecessor-version":[{"id":568,"href":"https:\/\/huerta-catalana.fr\/primeur\/index.php\/wp-json\/wp\/v2\/pages\/401\/revisions\/568"}],"wp:attachment":[{"href":"https:\/\/huerta-catalana.fr\/primeur\/index.php\/wp-json\/wp\/v2\/media?parent=401"}],"curies":[{"name":"wp","href":"https:\/\/api.w.org\/{rel}","templated":true}]}}

<p>[et_pb_section fb_built= »1&Prime; _builder_version= »4.4.0&Prime; custom_padding= »12px||2px||| »][et_pb_row _builder_version= »4.4.0&Prime; min_height= »582px » custom_padding= »11px||5px||| » hover_enabled= »0&Prime;][et_pb_column type= »4_4&Prime; _builder_version= »4.4.0&Prime;][et_pb_text _builder_version= »4.4.0&Prime; text_font= »Hind|||||||| » text_font_size= »26px » min_height= »23px » hover_enabled= »0&Prime; text_text_shadow_style= »preset4&Prime;]</p>
<p align=center>
<p>[/et_pb_text][et_pb_image src= »https://huerta-catalana.fr/primeur/wp-content/uploads/2020/03/huerta-catalana-primeur-saint-orens-la-fabrique-visuelle-HD-090s.jpg » align= »center » _builder_version= »4.4.0&Prime; background_color= »rgba(0,0,0,0) » min_height= »115px » custom_padding= »19px||35px||| » border_color_all= »rgba(0,0,0,0) » border_width_all__hover_enabled= »on|hover » src__hover_enabled= »on|hover »][/et_pb_image][et_pb_text _builder_version= »4.4.0&Prime; text_font= »Hind|||||||| » text_font_size= »20px » text_line_height= »1.5em » custom_margin= »||0px||false|false » custom_padding= »5px|10px|5px|10px|false|false » hover_enabled= »0&Prime;]</p>
<div align="justify">
<p>    Pendant toute la période du confinement lié au COVID-19, toute l&rsquo;équipe de la HUERTA CATALANA se mobilise pour vous permettre de faire vos achats de fruits et légumes ainsi que de fromage de la Fromagerie Xavier, tout en <span style="text-decoration: underline;">limitant les temps d&rsquo;exposition.</span></p>
<p style="text-align: center;"><strong>Nous mettons tout en œuvre<br />pour réguler le flux de fréquentation dans le magasin,<br />pour assurer l’approvisionnement de nos étalages en continu,<br />pour ouvrir toutes nos caisses pour minimiser le temps d’attente…</strong></p>
<p style="margin: 0cm; text-align: center;">Nos créneaux de livraison étant saturés, nous ne sommes plus en mesure de vous livrer à la demande pour le moment. Nous vous invitons à regarder la mise à jour de nos informations sur notre site pour vous tenir informés.</p>
<p style="text-align: center;"> <span style="color: #ea4d34;">Afin de pouvoir assurer ce service dans de bonnes conditions,<br />nous sommes amenés à mettre en place une nouvelle organisation. </span></p>
<p style="text-align: center; color: #ea4d34;"><strong>Nous préparons toujours les commandes des personnels soignants <br />pour leur faire gagner du temps.<br />Nous consulter.</strong></p>
</div>
<p>[/et_pb_text][/et_pb_column][/et_pb_row][/et_pb_section][et_pb_section fb_built= »1&Prime; _builder_version= »4.4.0&Prime; custom_padding= »0px||||| »][et_pb_row _builder_version= »4.4.0&Prime;][et_pb_column type= »4_4&Prime; _builder_version= »4.4.0&Prime;][et_pb_image src= »https://huerta-catalana.fr/primeur/wp-content/uploads/2020/03/huerta-catalana-primeur-saint-orens-la-fabrique-visuelle-HD-040s.jpg » align= »center » _builder_version= »4.4.0&Prime; custom_margin= »-22px||||| »][/et_pb_image][/et_pb_column][/et_pb_row][/et_pb_section]</p>

<p>    Pendant toute la période du confinement lié au COVID-19, toute l&rsquo;équipe de la HUERTA CATALANA se mobilise pour vous permettre de faire vos achats de fruits et légumes ainsi que de fromage de la Fromagerie Xavier, tout en limitant les temps d&rsquo;exposition. Nous mettons tout en œuvrepour réguler le flux de fréquentation dans [&hellip;]</p>
